 remainder when 1330 is divided by 31?
28
Calculate the remainder when 2222 is divided by 10.
2
What is the remainder when 27 is divided by 2?
1
What is the remainder when 2622 is divided by 105?
102
Calculate the remainder when 555 is divided by 45.
15
What is the remainder when 621 is divided by 25?
21
What is the remainder when 95 is divided by 25?
20
Calculate the remainder when 18236 is divided by 16.
12
What is the remainder when 2755 is divided by 171?
19
Calculate the remainder when 493 is divided by 126.
115
Calculate the remainder when 11774 is divided by 128.
126
What is the remainder when 275 is divided by 57?
47
Calculate the remainder when 7078 is divided by 24.
22
Calculate the remainder when 53 is divided by 37.
16
Calculate the remainder when 475 is divided by 161.
153
What is the remainder when 1762 is divided by 18?
16
Calculate the remainder when 237 is divided by 73.
18
What is the remainder when 1227 is divided by 299?
31
What is the remainder when 122 is divided by 12?
2
Calculate the remainder when 101 is divided by 44.
13
What is the remainder when 227 is divided by 18?
11
What is the remainder when 25 is divided by 14?
11
Calculate the remainder when 198 is divided by 81.
36
What is the remainder when 393 is divided by 22?
19
Calculate the remainder when 120 is divided by 14.
8
Calculate the remainder when 78 is divided by 17.
10
Calculate the remainder when 913 is divided by 203.
101
Calculate the remainder when 789 is divided by 66.
63
What is the remainder when 248 is divided by 67?
47
Calculate the remainder when 324 is divided by 31.
14
What is the remainder when 73 is divided by 45?
28
What is the remainder when 1374 is divided by 39?
9
Calculate the remainder when 1042 is divided by 36.
34
What is the remainder when 2407 is divided by 172?
171
Calculate the remainder when 170 is divided by 37.
22
Calculate the remainder when 1749 is divided by 871.
7
What is the remainder when 2093 is divided by 192?
173
What is the remainder when 205 is divided by 16?
13
What is the remainder when 306 is divided by 14?
12
Calculate the remainder when 127 is divided by 64.
63
What is the remainder when 76 is divided by 13?
11
Calculate the remainder when 271 is divided by 109.
53
Calculate the remainder when 517 is divided by 171.
4
Calculate the remainder when 862 is divided by 54.
52
What is the remainder when 1913 is divided by 32?
25
Calculate the remainder when 839 is divided by 279.
2
Calculate the remainder when 379 is divided by 210.
169
Calculate the remainder when 442 is divided by 90.
82
Calculate the remainder when 123 is divided by 13.
6
Calculate the remainder when 343 is divided by 3.
1
What is the remainder when 1951 is divided by 43?
16
Calculate the remainder when 10574 is divided by 9.
8
Calculate the remainder when 168 is divided by 35.
28
Calculate the remainder when 2060 is divided by 169.
32
Calculate the remainder when 1702 is divided by 284.
282
Calculate the remainder when 2259 is divided by 369.
45
Calculate the remainder when 320 is divided by 19.
16
Calculate the remainder when 171 is divided by 90.
81
What is the remainder when 1074 is divided by 11?
7
Calculate the remainder when 147 is divided by 15.
12
What is the remainder when 1268 is divided by 116?
108
What is the remainder when 2148 is divided by 10?
8
What is the remainder when 48879 is divided by 20?
19
What is the remainder when 1202 is divided by 12?
2
What is the remainder when 9044 is divided by 24?
20
What is the remainder when 71 is divided by 60?
11
Calculate the remainder when 14 is divided by 14.
0
Calculate the remainder when 728 is divided by 185.
173
Calculate the remainder when 365 is divided by 176.
13
What is the remainder when 453 is divided by 23?
16
What is the remainder when 198 is divided by 40?
38
What is the remainder when 1022 is divided by 64?
62
Calculate the remainder when 61 is divided by 11.
6
Calculate the remainder when 525 is divided by 5.
0
What is the remainder when 1708 is divided by 535?
103
Calculate the remainder when 1123 is divided by 8.
3
Calculate the remainder when 578 is divided by 83.
80
Calculate the remainder when 638 is divided by 24.
14
Calculate the remainder when 386 is divided by 17.
12
Calculate the remainder when 324 is divided by 15.
9
What is the remainder when 2880 is divided by 43?
42
Calculate the remainder when 105 is divided by 19.
10
Calculate the remainder when 152 is divided by 37.
4
Calculate the remainder when 69 is divided by 7.
6
What is the remainder when 58 is divided by 21?
16
Calculate the remainder when 25 is divided by 8.
1
Calculate the remainder when 535 is divided by 134.
133
What is the remainder when 62 is divided by 35?
27
Calculate the remainder when 1476 is divided by 64.
4
What is the remainder when 258 is divided by 29?
26
What is the remainder when 492 is divided by 29?
28
Calculate the remainder when 255 is divided by 16.
15
Calculate the remainder when 346 is divided by 24.
10
What is the remainder when 21587 is divided by 257?
256
Calculate the remainder when 15738 is divided by 11.
8
What is the remainder when 13123 is divided by 7?
5
What is the remainder when 137 is divided by 2?
1
What is the remainder when 179 is divided by 9?
8
Calculate the remainder when 50 is divided by 13.
11
What is the remainder when 443 is divided by 143?
14
What is the remainder when 434 is divided by 73?
69
What is the remainder when 155 is divided by 52?
51
Calculate the remainder when 241 is divided by 167.
74
What is the remainder when 692 is divided by 87?
83
Calculate the remainder when 733 is divided by 15.
13
What is the remainder when 1204 is divided by 198?
16
What is the remainder when 2991 is divided by 997?
0
Calculate the remainder when 1091 is divided by 21.
20
What is the remainder when 274 is divided by 15?
4
Calculate the remainder when 151 is divided by 116.
35
What is the remainder when 329 is divided by 9?
5
Calculate the remainder when 1131 is divided by 5.
1
What is the remainder when 1405 is divided by 44?
41
What is the remainder when 452 is divided by 35?
32
What is the remainder when 4371 is divided by 1092?
3
Calculate the remainder when 2491 is divided by 29.
26
Calculate the remainder when 141 is divided by 136.
5
Calculate the remainder when 5218 is divided by 87.
85
What is the remainder when 2318 is divided by 155?
148
What is the remainder when 5741 is divided by 87?
86
What is the remainder when 66 is divided by 17?
15
Calculate the remainder when 131 is divided by 31.
7
What is the remainder when 554 is divided by 11?
4
Calculate the remainder when 46 is divided by 3.
1
What is the remainder when 221 is divided by 78?
65
What is the remainder when 152 is divided by 70?
12
Calculate the remainder when 164 is divided by 32.
4
Calculate the remainder when 85 is divided by 23.
16
Calculate the remainder when 1184 is divided by 117.
14
Calculate the remainder when 88 is divided by 31.
26
What is the remainder when 66 is divided by 27?
12
What is the remainder when 6283 is divided by 14?
11
What is the remainder when 201 is divided by 52?
45
What is the remainder when 52 is divided by 10?
2
What is the remainder when 190 is divided by 65?
60
Calculate the remainder when 10767 is divided by 89.
87
What is the remainder when 3050 is divided by 28?
26
Calculate the remainder when 1450 is divided by 28.
22
Calculate the remainder when 2045 is divided by 89.
87
Calculate the remainder when 23623 is divided by 21.
19
Calculate the remainder when 549 is divided by 46.
43
Calculate the remainder when 48 is divided by 35.
13
What is the remainder when 809 is divided by 45?
44
What is the remainder when 511 is divided by 251?
9
What is the remainder when 113 is divided by 88?
25
What is the remainder when 123 is divided by 63?
60
Calculate the remainder when 42 is divided by 39.
3
Calculate the remainder when 199 is divided by 17.
12
What is the remainder when 90 is divided by 48?
42
What is the remainder when 1057 is divided by 106?
103
What is the remainder when 44 is divided by 15?
14
What is the remainder when 28 is divided by 24?
4
Calculate the remainder when 904 is divided by 101.
96
Calculate the remainder when 622 is divided by 332.
290
Wh